{"id":2990,"date":"2023-12-20T16:21:14","date_gmt":"2023-12-20T15:21:14","guid":{"rendered":"https:\/\/matris.eu\/servicios\/produccion-de-cables-de-potencia-y-senal\/"},"modified":"2025-06-17T18:26:08","modified_gmt":"2025-06-17T16:26:08","slug":"produccion-de-cables-de-potencia-y-senal","status":"publish","type":"page","link":"https:\/\/matris.eu\/es\/servicios\/produccion-de-cables-de-potencia-y-senal\/","title":{"rendered":"Producci\u00f3n de cables de potencia y se\u00f1al"},"content":{"rendered":"<div class=\"wpb-content-wrapper\"><p>[vc_row row_height_percent=\u00bb0&#8243; override_padding=\u00bbyes\u00bb h_padding=\u00bb2&#8243; top_padding=\u00bb0&#8243; bottom_padding=\u00bb2&#8243; overlay_alpha=\u00bb50&#8243; gutter_size=\u00bb4&#8243; column_width_percent=\u00bb100&#8243; shift_y=\u00bb0&#8243; z_index=\u00bb0&#8243; uncode_shortcode_id=\u00bb792719&#8243;][vc_column width=\u00bb1\/2&#8243;][vc_column_text uncode_shortcode_id=\u00bb206647&#8243;]<!--StartFragment --><\/p>\n<p class=\"pf0\"><span class=\"cf0\">Dado que en los \u00faltimos a\u00f1os los plazos de entrega de proveedores y fabricantes han sido a menudo excesivamente largos, el centro de servicio de Matris tambi\u00e9n se ha especializado en la producci\u00f3n de cables de alimentaci\u00f3n y se\u00f1al a medida. En este caso, la entrega se realiza en una o dos semanas, sujeta \u00fanicamente a la disponibilidad de los componentes individuales, que suele ser de unos pocos d\u00edas.   <\/span><!--EndFragment --><\/p>\n<p>[\/vc_column_text][\/vc_column][vc_column width=\u00bb1\/2&#8243;][\/vc_column][\/vc_row][vc_row][vc_column width=\u00bb1\/1&#8243;][vc_gallery el_id=\u00bbgallery-584569&#8243; medias=\u00bb1142,1144,1146,1148&#8243; gutter_size=\u00bb3&#8243; screen_lg=\u00bb1000&#8243; screen_md=\u00bb600&#8243; screen_sm=\u00bb480&#8243; single_width=\u00bb3&#8243; single_overlay_opacity=\u00bb50&#8243; single_padding=\u00bb2&#8243; uncode_shortcode_id=\u00bb201876&#8243;][\/vc_column][\/vc_row]<\/p>\n<\/div>","protected":false},"excerpt":{"rendered":"<p>El centro de servicio Matris tambi\u00e9n se especializa en la producci\u00f3n de cables de alimentaci\u00f3n y se\u00f1al personalizados.<\/p>\n","protected":false},"author":1,"featured_media":504,"parent":2531,"menu_order":16,"comment_status":"closed","ping_status":"closed","template":"","meta":{"footnotes":""},"class_list":["post-2990","page","type-page","status-publish","has-post-thumbnail","hentry"],"yoast_head":"<!-- This site is optimized with the Yoast SEO plugin v27.5 - https:\/\/yoast.com\/product\/yoast-seo-wordpress\/ -->\n<title>Producci\u00f3n de cables de potencia y se\u00f1al | Matris<\/title>\n<meta name=\"robots\" content=\"index, follow, max-snippet:-1, max-image-preview:large, max-video-preview:-1\" \/>\n<link rel=\"canonical\" href=\"https:\/\/matris.eu\/es\/servicios\/produccion-de-cables-de-potencia-y-senal\/\" \/>\n<meta property=\"og:locale\" content=\"es_ES\" \/>\n<meta property=\"og:type\" content=\"article\" \/>\n<meta property=\"og:title\" content=\"Producci\u00f3n de cables de potencia y se\u00f1al | Matris\" \/>\n<meta property=\"og:description\" content=\"El centro de servicio Matris tambi\u00e9n se especializa en la producci\u00f3n de cables de alimentaci\u00f3n y se\u00f1al personalizados.\" \/>\n<meta property=\"og:url\" content=\"https:\/\/matris.eu\/es\/servicios\/produccion-de-cables-de-potencia-y-senal\/\" \/>\n<meta property=\"og:site_name\" content=\"Matris\" \/>\n<meta property=\"article:publisher\" content=\"https:\/\/www.facebook.com\/Matrisdoo\" \/>\n<meta property=\"article:modified_time\" content=\"2025-06-17T16:26:08+00:00\" \/>\n<meta property=\"og:image\" content=\"https:\/\/matris.eu\/wp-content\/uploads\/2023\/12\/header_cables.jpg\" \/>\n\t<meta property=\"og:image:width\" content=\"1700\" \/>\n\t<meta property=\"og:image:height\" content=\"800\" \/>\n\t<meta property=\"og:image:type\" content=\"image\/jpeg\" \/>\n<meta name=\"twitter:card\" content=\"summary_large_image\" \/>\n<meta name=\"twitter:label1\" content=\"Tiempo de lectura\" \/>\n\t<meta name=\"twitter:data1\" content=\"1 minuto\" \/>\n<script type=\"application\/ld+json\" class=\"yoast-schema-graph\">{\"@context\":\"https:\\\/\\\/schema.org\",\"@graph\":[{\"@type\":\"WebPage\",\"@id\":\"https:\\\/\\\/matris.eu\\\/es\\\/servicios\\\/produccion-de-cables-de-potencia-y-senal\\\/\",\"url\":\"https:\\\/\\\/matris.eu\\\/es\\\/servicios\\\/produccion-de-cables-de-potencia-y-senal\\\/\",\"name\":\"Producci\u00f3n de cables de potencia y se\u00f1al | Matris\",\"isPartOf\":{\"@id\":\"https:\\\/\\\/matris.eu\\\/es\\\/#website\"},\"primaryImageOfPage\":{\"@id\":\"https:\\\/\\\/matris.eu\\\/es\\\/servicios\\\/produccion-de-cables-de-potencia-y-senal\\\/#primaryimage\"},\"image\":{\"@id\":\"https:\\\/\\\/matris.eu\\\/es\\\/servicios\\\/produccion-de-cables-de-potencia-y-senal\\\/#primaryimage\"},\"thumbnailUrl\":\"https:\\\/\\\/matris.eu\\\/wp-content\\\/uploads\\\/2023\\\/12\\\/header_cables.jpg\",\"datePublished\":\"2023-12-20T15:21:14+00:00\",\"dateModified\":\"2025-06-17T16:26:08+00:00\",\"breadcrumb\":{\"@id\":\"https:\\\/\\\/matris.eu\\\/es\\\/servicios\\\/produccion-de-cables-de-potencia-y-senal\\\/#breadcrumb\"},\"inLanguage\":\"es\",\"potentialAction\":[{\"@type\":\"ReadAction\",\"target\":[\"https:\\\/\\\/matris.eu\\\/es\\\/servicios\\\/produccion-de-cables-de-potencia-y-senal\\\/\"]}]},{\"@type\":\"ImageObject\",\"inLanguage\":\"es\",\"@id\":\"https:\\\/\\\/matris.eu\\\/es\\\/servicios\\\/produccion-de-cables-de-potencia-y-senal\\\/#primaryimage\",\"url\":\"https:\\\/\\\/matris.eu\\\/wp-content\\\/uploads\\\/2023\\\/12\\\/header_cables.jpg\",\"contentUrl\":\"https:\\\/\\\/matris.eu\\\/wp-content\\\/uploads\\\/2023\\\/12\\\/header_cables.jpg\",\"width\":1700,\"height\":800},{\"@type\":\"BreadcrumbList\",\"@id\":\"https:\\\/\\\/matris.eu\\\/es\\\/servicios\\\/produccion-de-cables-de-potencia-y-senal\\\/#breadcrumb\",\"itemListElement\":[{\"@type\":\"ListItem\",\"position\":1,\"name\":\"Home\",\"item\":\"https:\\\/\\\/matris.eu\\\/es\\\/\"},{\"@type\":\"ListItem\",\"position\":2,\"name\":\"Servicios\",\"item\":\"https:\\\/\\\/matris.eu\\\/es\\\/servicios\\\/\"},{\"@type\":\"ListItem\",\"position\":3,\"name\":\"Producci\u00f3n de cables de potencia y se\u00f1al\"}]},{\"@type\":\"WebSite\",\"@id\":\"https:\\\/\\\/matris.eu\\\/es\\\/#website\",\"url\":\"https:\\\/\\\/matris.eu\\\/es\\\/\",\"name\":\"Servisni center Matris\",\"description\":\"Servis elektro, servo in vretenskih motorjev\",\"publisher\":{\"@id\":\"https:\\\/\\\/matris.eu\\\/es\\\/#organization\"},\"alternateName\":\"Matris\",\"potentialAction\":[{\"@type\":\"SearchAction\",\"target\":{\"@type\":\"EntryPoint\",\"urlTemplate\":\"https:\\\/\\\/matris.eu\\\/es\\\/?s={search_term_string}\"},\"query-input\":{\"@type\":\"PropertyValueSpecification\",\"valueRequired\":true,\"valueName\":\"search_term_string\"}}],\"inLanguage\":\"es\"},{\"@type\":\"Organization\",\"@id\":\"https:\\\/\\\/matris.eu\\\/es\\\/#organization\",\"name\":\"Servisni center Matris\",\"alternateName\":\"Matris\",\"url\":\"https:\\\/\\\/matris.eu\\\/es\\\/\",\"logo\":{\"@type\":\"ImageObject\",\"inLanguage\":\"es\",\"@id\":\"https:\\\/\\\/matris.eu\\\/es\\\/#\\\/schema\\\/logo\\\/image\\\/\",\"url\":\"\",\"contentUrl\":\"\",\"caption\":\"Servisni center Matris\"},\"image\":{\"@id\":\"https:\\\/\\\/matris.eu\\\/es\\\/#\\\/schema\\\/logo\\\/image\\\/\"},\"sameAs\":[\"https:\\\/\\\/www.facebook.com\\\/Matrisdoo\",\"https:\\\/\\\/www.linkedin.com\\\/company\\\/matris_doo\\\/\"]}]}<\/script>\n<!-- \/ Yoast SEO plugin. -->","yoast_head_json":{"title":"Producci\u00f3n de cables de potencia y se\u00f1al | Matris","robots":{"index":"index","follow":"follow","max-snippet":"max-snippet:-1","max-image-preview":"max-image-preview:large","max-video-preview":"max-video-preview:-1"},"canonical":"https:\/\/matris.eu\/es\/servicios\/produccion-de-cables-de-potencia-y-senal\/","og_locale":"es_ES","og_type":"article","og_title":"Producci\u00f3n de cables de potencia y se\u00f1al | Matris","og_description":"El centro de servicio Matris tambi\u00e9n se especializa en la producci\u00f3n de cables de alimentaci\u00f3n y se\u00f1al personalizados.","og_url":"https:\/\/matris.eu\/es\/servicios\/produccion-de-cables-de-potencia-y-senal\/","og_site_name":"Matris","article_publisher":"https:\/\/www.facebook.com\/Matrisdoo","article_modified_time":"2025-06-17T16:26:08+00:00","og_image":[{"width":1700,"height":800,"url":"https:\/\/matris.eu\/wp-content\/uploads\/2023\/12\/header_cables.jpg","type":"image\/jpeg"}],"twitter_card":"summary_large_image","twitter_misc":{"Tiempo de lectura":"1 minuto"},"schema":{"@context":"https:\/\/schema.org","@graph":[{"@type":"WebPage","@id":"https:\/\/matris.eu\/es\/servicios\/produccion-de-cables-de-potencia-y-senal\/","url":"https:\/\/matris.eu\/es\/servicios\/produccion-de-cables-de-potencia-y-senal\/","name":"Producci\u00f3n de cables de potencia y se\u00f1al | Matris","isPartOf":{"@id":"https:\/\/matris.eu\/es\/#website"},"primaryImageOfPage":{"@id":"https:\/\/matris.eu\/es\/servicios\/produccion-de-cables-de-potencia-y-senal\/#primaryimage"},"image":{"@id":"https:\/\/matris.eu\/es\/servicios\/produccion-de-cables-de-potencia-y-senal\/#primaryimage"},"thumbnailUrl":"https:\/\/matris.eu\/wp-content\/uploads\/2023\/12\/header_cables.jpg","datePublished":"2023-12-20T15:21:14+00:00","dateModified":"2025-06-17T16:26:08+00:00","breadcrumb":{"@id":"https:\/\/matris.eu\/es\/servicios\/produccion-de-cables-de-potencia-y-senal\/#breadcrumb"},"inLanguage":"es","potentialAction":[{"@type":"ReadAction","target":["https:\/\/matris.eu\/es\/servicios\/produccion-de-cables-de-potencia-y-senal\/"]}]},{"@type":"ImageObject","inLanguage":"es","@id":"https:\/\/matris.eu\/es\/servicios\/produccion-de-cables-de-potencia-y-senal\/#primaryimage","url":"https:\/\/matris.eu\/wp-content\/uploads\/2023\/12\/header_cables.jpg","contentUrl":"https:\/\/matris.eu\/wp-content\/uploads\/2023\/12\/header_cables.jpg","width":1700,"height":800},{"@type":"BreadcrumbList","@id":"https:\/\/matris.eu\/es\/servicios\/produccion-de-cables-de-potencia-y-senal\/#breadcrumb","itemListElement":[{"@type":"ListItem","position":1,"name":"Home","item":"https:\/\/matris.eu\/es\/"},{"@type":"ListItem","position":2,"name":"Servicios","item":"https:\/\/matris.eu\/es\/servicios\/"},{"@type":"ListItem","position":3,"name":"Producci\u00f3n de cables de potencia y se\u00f1al"}]},{"@type":"WebSite","@id":"https:\/\/matris.eu\/es\/#website","url":"https:\/\/matris.eu\/es\/","name":"Servisni center Matris","description":"Servis elektro, servo in vretenskih motorjev","publisher":{"@id":"https:\/\/matris.eu\/es\/#organization"},"alternateName":"Matris","potentialAction":[{"@type":"SearchAction","target":{"@type":"EntryPoint","urlTemplate":"https:\/\/matris.eu\/es\/?s={search_term_string}"},"query-input":{"@type":"PropertyValueSpecification","valueRequired":true,"valueName":"search_term_string"}}],"inLanguage":"es"},{"@type":"Organization","@id":"https:\/\/matris.eu\/es\/#organization","name":"Servisni center Matris","alternateName":"Matris","url":"https:\/\/matris.eu\/es\/","logo":{"@type":"ImageObject","inLanguage":"es","@id":"https:\/\/matris.eu\/es\/#\/schema\/logo\/image\/","url":"","contentUrl":"","caption":"Servisni center Matris"},"image":{"@id":"https:\/\/matris.eu\/es\/#\/schema\/logo\/image\/"},"sameAs":["https:\/\/www.facebook.com\/Matrisdoo","https:\/\/www.linkedin.com\/company\/matris_doo\/"]}]}},"_links":{"self":[{"href":"https:\/\/matris.eu\/es\/wp-json\/wp\/v2\/pages\/2990","targetHints":{"allow":["GET"]}}],"collection":[{"href":"https:\/\/matris.eu\/es\/wp-json\/wp\/v2\/pages"}],"about":[{"href":"https:\/\/matris.eu\/es\/wp-json\/wp\/v2\/types\/page"}],"author":[{"embeddable":true,"href":"https:\/\/matris.eu\/es\/wp-json\/wp\/v2\/users\/1"}],"replies":[{"embeddable":true,"href":"https:\/\/matris.eu\/es\/wp-json\/wp\/v2\/comments?post=2990"}],"version-history":[{"count":1,"href":"https:\/\/matris.eu\/es\/wp-json\/wp\/v2\/pages\/2990\/revisions"}],"predecessor-version":[{"id":2998,"href":"https:\/\/matris.eu\/es\/wp-json\/wp\/v2\/pages\/2990\/revisions\/2998"}],"up":[{"embeddable":true,"href":"https:\/\/matris.eu\/es\/wp-json\/wp\/v2\/pages\/2531"}],"wp:featuredmedia":[{"embeddable":true,"href":"https:\/\/matris.eu\/es\/wp-json\/wp\/v2\/media\/504"}],"wp:attachment":[{"href":"https:\/\/matris.eu\/es\/wp-json\/wp\/v2\/media?parent=2990"}],"curies":[{"name":"wp","href":"https:\/\/api.w.org\/{rel}","templated":true}]}}

Producción de cables de potencia y señal

<div class="wpb-content-wrapper"><p>[vc_row row_height_percent=»0&#8243; override_padding=»yes» h_padding=»2&#8243; top_padding=»0&#8243; bottom_padding=»2&#8243; overlay_alpha=»50&#8243; gutter_size=»4&#8243; column_width_percent=»100&#8243; shift_y=»0&#8243; z_index=»0&#8243; uncode_shortcode_id=»792719&#8243;][vc_column width=»1/2&#8243;][vc_column_text uncode_shortcode_id=»206647&#8243;]<!--StartFragment --></p>
<p class="pf0"><span class="cf0">Dado que en los últimos años los plazos de entrega de proveedores y fabricantes han sido a menudo excesivamente largos, el centro de servicio de Matris también se ha especializado en la producción de cables de alimentación y señal a medida. En este caso, la entrega se realiza en una o dos semanas, sujeta únicamente a la disponibilidad de los componentes individuales, que suele ser de unos pocos días.   </span><!--EndFragment --></p>
<p>[/vc_column_text][/vc_column][vc_column width=»1/2&#8243;][/vc_column][/vc_row][vc_row][vc_column width=»1/1&#8243;][vc_gallery el_id=»gallery-584569&#8243; medias=»1142,1144,1146,1148&#8243; gutter_size=»3&#8243; screen_lg=»1000&#8243; screen_md=»600&#8243; screen_sm=»480&#8243; single_width=»3&#8243; single_overlay_opacity=»50&#8243; single_padding=»2&#8243; uncode_shortcode_id=»201876&#8243;][/vc_column][/vc_row]</p>
</div>

<p>El centro de servicio Matris también se especializa en la producción de cables de alimentación y señal personalizados.</p>

<!-- This site is optimized with the Yoast SEO plugin v27.5 - https://yoast.com/product/yoast-seo-wordpress/ -->
<title>Producción de cables de potencia y señal | Matris</title>
<meta name="robots" content="index, follow, max-snippet:-1, max-image-preview:large, max-video-preview:-1" />
<link rel="canonical" href="https://matris.eu/es/servicios/produccion-de-cables-de-potencia-y-senal/" />
<meta property="og:locale" content="es_ES" />
<meta property="og:type" content="article" />
<meta property="og:title" content="Producción de cables de potencia y señal | Matris" />
<meta property="og:description" content="El centro de servicio Matris también se especializa en la producción de cables de alimentación y señal personalizados." />
<meta property="og:url" content="https://matris.eu/es/servicios/produccion-de-cables-de-potencia-y-senal/" />
<meta property="og:site_name" content="Matris" />
<meta property="article:publisher" content="https://www.facebook.com/Matrisdoo" />
<meta property="article:modified_time" content="2025-06-17T16:26:08+00:00" />
<meta property="og:image" content="https://matris.eu/wp-content/uploads/2023/12/header_cables.jpg" />
	<meta property="og:image:width" content="1700" />
	<meta property="og:image:height" content="800" />
	<meta property="og:image:type" content="image/jpeg" />
<meta name="twitter:card" content="summary_large_image" />
<meta name="twitter:label1" content="Tiempo de lectura" />
	<meta name="twitter:data1" content="1 minuto" />
<script type="application/ld+json" class="yoast-schema-graph">{"@context":"https:\/\/schema.org","@graph":[{"@type":"WebPage","@id":"https:\/\/matris.eu\/es\/servicios\/produccion-de-cables-de-potencia-y-senal\/","url":"https:\/\/matris.eu\/es\/servicios\/produccion-de-cables-de-potencia-y-senal\/","name":"Producción de cables de potencia y señal | Matris","isPartOf":{"@id":"https:\/\/matris.eu\/es\/#website"},"primaryImageOfPage":{"@id":"https:\/\/matris.eu\/es\/servicios\/produccion-de-cables-de-potencia-y-senal\/#primaryimage"},"image":{"@id":"https:\/\/matris.eu\/es\/servicios\/produccion-de-cables-de-potencia-y-senal\/#primaryimage"},"thumbnailUrl":"https:\/\/matris.eu\/wp-content\/uploads\/2023\/12\/header_cables.jpg","datePublished":"2023-12-20T15:21:14+00:00","dateModified":"2025-06-17T16:26:08+00:00","breadcrumb":{"@id":"https:\/\/matris.eu\/es\/servicios\/produccion-de-cables-de-potencia-y-senal\/#breadcrumb"},"inLanguage":"es","potentialAction":[{"@type":"ReadAction","target":["https:\/\/matris.eu\/es\/servicios\/produccion-de-cables-de-potencia-y-senal\/"]}]},{"@type":"ImageObject","inLanguage":"es","@id":"https:\/\/matris.eu\/es\/servicios\/produccion-de-cables-de-potencia-y-senal\/#primaryimage","url":"https:\/\/matris.eu\/wp-content\/uploads\/2023\/12\/header_cables.jpg","contentUrl":"https:\/\/matris.eu\/wp-content\/uploads\/2023\/12\/header_cables.jpg","width":1700,"height":800},{"@type":"BreadcrumbList","@id":"https:\/\/matris.eu\/es\/servicios\/produccion-de-cables-de-potencia-y-senal\/#breadcrumb","itemListElement":[{"@type":"ListItem","position":1,"name":"Home","item":"https:\/\/matris.eu\/es\/"},{"@type":"ListItem","position":2,"name":"Servicios","item":"https:\/\/matris.eu\/es\/servicios\/"},{"@type":"ListItem","position":3,"name":"Producción de cables de potencia y señal"}]},{"@type":"WebSite","@id":"https:\/\/matris.eu\/es\/#website","url":"https:\/\/matris.eu\/es\/","name":"Servisni center Matris","description":"Servis elektro, servo in vretenskih motorjev","publisher":{"@id":"https:\/\/matris.eu\/es\/#organization"},"alternateName":"Matris","potentialAction":[{"@type":"SearchAction","target":{"@type":"EntryPoint","urlTemplate":"https:\/\/matris.eu\/es\/?s={search_term_string}"},"query-input":{"@type":"PropertyValueSpecification","valueRequired":true,"valueName":"search_term_string"}}],"inLanguage":"es"},{"@type":"Organization","@id":"https:\/\/matris.eu\/es\/#organization","name":"Servisni center Matris","alternateName":"Matris","url":"https:\/\/matris.eu\/es\/","logo":{"@type":"ImageObject","inLanguage":"es","@id":"https:\/\/matris.eu\/es\/#\/schema\/logo\/image\/","url":"","contentUrl":"","caption":"Servisni center Matris"},"image":{"@id":"https:\/\/matris.eu\/es\/#\/schema\/logo\/image\/"},"sameAs":["https:\/\/www.facebook.com\/Matrisdoo","https:\/\/www.linkedin.com\/company\/matris_doo\/"]}]}</script>
<!-- / Yoast SEO plugin. -->

Producción de cables de potencia y señal | Matris

El centro de servicio Matris también se especializa en la producción de cables de alimentación y señal personalizados.
